at is -101010110100001101011 - 0?
-101010110100001101011
In base 4, what is -2202201 + 101?
-2202100
In base 12, what is -30b1 - 5?
-30b6
In base 14, what is -c6b0 - 5?
-c6b5
In base 14, what is -5 + -4814c?
-48153
In base 5, what is -2442000 - 21?
-2442021
In base 13, what is 2231 + -7?
2227
In base 16, what is 4c7 - -1d?
4e4
In base 10, what is -1058527 - 0?
-1058527
In base 6, what is 5 - -14341?
14350
In base 10, what is 734246 - 2?
734244
In base 2, what is -10000101110 + -10101?
-10001000011
In base 2, what is -101111101 - -1111010?
-100000011
In base 10, what is -343854 + 0?
-343854
In base 16, what is -2 - 2b71?
-2b73
In base 13, what is -43ca4 + -4?
-43ca8
In base 10, what is 0 - 19962?
-19962
In base 3, what is 1202210201 - 11?
1202210120
In base 15, what is -27 + -4b3?
-4da
In base 15, what is -1bbd + a2?
-1b1b
In base 7, what is -320266 + -20?
-320316
In base 7, what is -1262201 + -4?
-1262205
In base 16, what is -3f3 - 9c?
-48f
In base 13, what is -4a0b - 1c1?
-4bcc
In base 5, what is -32032433 + 10?
-32032423
In base 5, what is 24322243 + 10?
24322303
In base 10, what is -103 + -192?
-295
In base 4, what is -322 + -13230?
-20212
In base 12, what is -5 + 20b29a?
20b295
In base 9, what is 11 - 1378?
-1367
In base 12, what is -7 + -28b?
-296
In base 9, what is -411 - 266?
-677
In base 6, what is 3 + -313401?
-313354
In base 5, what is -114333 - 32?
-114420
In base 4, what is -1003321 + -1323?
-1011310
In base 2, what is -110011001 - 100101011011?
-101011110100
In base 3, what is 110 + -21221011?
-21220201
In base 8, what is -2411 + 3?
-2406
In base 4, what is 30331 - -300300?
331231
In base 12, what is -168b1b5 + 1?
-168b1b4
In base 10, what is 6872 + -9?
6863
In base 2, what is -1 - 11001100001011101?
-11001100001011110
In base 11, what is -6 + 22186?
22180
In base 15, what is -1588 - 7?
-1590
In base 16, what is 46aec - 4?
46ae8
In base 13, what is 38700 - 3?
386ca
In base 16, what is -3e9e - 12?
-3eb0
In base 12, what is -8 + 58244?
58238
In base 10, what is -2992 - -4?
-2988
In base 7, what is -4553 - 2?
-4555
In base 16, what is -355 - -27?
-32e
In base 10, what is 68 - -53637?
53705
In base 16, what is af5 + -499?
65c
In base 10, what is -473 - 3189?
-3662
In base 15, what is 25a4e + b?
25a5a
In base 5, what is -1 + 41024?
41023
In base 15, what is c66 - 6b?
bea
In base 9, what is 3736 - -105?
3842
In base 4, what is -113 - 101212?
-101331
In base 15, what is -24 - -1da5?
1d81
In base 12, what is -3 - 520b71?
-520b74
In base 2, what is -11100 - -11111111110?
11111100010
In base 2, what is -1110001111000100011 - -101?
-1110001111000011110
In base 11, what is 60 + 2025?
2085
In base 6, what is 554433 - 41?
554352
In base 8, what is -161 - -413?
232
In base 3, what is 102 - 210212?
-210110
In base 15, what is 84c5 + -13?
84b2
In base 15, what is 59 - 211?
-1a7
In base 13, what is -b - 206a?
-2078
In base 4, what is -1 + 1001030210?
1001030203
In base 11, what is 436 - -3?
439
In base 9, what is -47636 + 12?
-47624
In base 9, what is 2367 - 256?
2111
In base 5, what is 2 + 2110422?
2110424
In base 15, what is -1 + -da?
-db
In base 6, what is 100522 - -13?
100535
In base 10, what is 1 + -75838?
-75837
In base 12, what is 49a + -bb?
39b
In base 12, what is -b10 - -4b6?
-616
In base 2, what is -11 + 1010011001011111?
1010011001011100
In base 6, what is 30115 + -3?
30112
In base 16, what is c - 1d6c?
-1d60
In base 10, what is -88 - -368?
280
In base 5, what is -1 - 131420114?
-131420120
In base 16, what is 8426 - a?
841c
In base 8, what is 1445 + 165?
1632
In base 2, what is -10001001001001111 - 11?
-10001001001010010
In base 4, what is 22310 - 1213?
21031
In base 5, what is 2133 - -420?
3103
In base 11, what is -92 - 949?
-a30
In base 6, what is -1155 + -2430?
-4025
In base 11, what is 4a1 - 476?
26
In base 15, what is 63a + -d9?
551
In base 5, what is 10324303 + 32?
10324340
In base 5, what is -10 - 13431002?
-13431012
In base 14, what is -3 + -19189?
-1918c
In base 9, what is 1 + 23206?
23207
In base 7, what is 0 - 152415?
-152415
In base 2, what is 1100111 + -11110111011?
-11101010100
In base 16, what is 2 + 53b3?
53b5
In base 6, what is 32 - -1145301?
1145333
In base 15, what is 1 - 164c?
-164b
In base 11, what is -11 + 3569?
3558
In base 6, what is 350305 - -2?
350311
In base 11, what is 2959 - 562?
23a7
In base 15, what is 42 + 1200d?
12050
In base 13, what is -9b - 690b?
-69a9
In base 6, what is -1255543 + 32?
-1255511
In base 14, what is -363 - 126?
-489
In base 14, what is -23604 + -5?
-23609
In base 6, what is -1033523 + 3?
-1033520
In base 6, what is -3 + -312055?
-312102
In base 9, what is -60618 + -8?
-60627
In base 9, what is -527 - 7762?
-8400
In base 12, what is -27 + -496?
-501
In base 2, what is 101 - 1010100000000?
-1010011111011
In base 7, what is -20 + -313204?
-313224
In base 9, what is 73876 + 4?
73881
In base 3, what is 201 + 2120222112?
2121000020
In base 8, what is 3 + -661201?
-661176
In base 12, what is 8525a + 4?
85262
In base 4, what is -10 - -3030013?
3030003
In base 10, what is -284 + -2405?
-2689
In base 13, what is 4a2c - 1?
4a2b
In base 6, what is -5 - -150300?
150251
In base 13, what is -48 - -5342?
52c7
In base 8, what is 3450 - 3360?
70
In base 3, what is 11 + 120220000?
120220011
In base 4, what is -211 - 2233310?
-2300121
In base 9, what is 4 + 21564?
21568
In base 13, what is 5181 - 2c?
5152
In base 13, what is -4 + 18b2c?
18b28
In base 13, what is -179a4 - 0?
-179a4
In base 6, what is -550 - -5153?
4203
In base 7, what is -4523321 - 0?
-4523321
In base 5, what is -2022023 + -1?
-2022024
In base 12, what is 43b2 - a?
43a4
In base 7, what is -1006555 - -15?
-1006540
In base 14, what is -19c8 - -2a?
-199c
In base 5, what is 4 - -40242?
40301
In base 10, what is 0 - -1969?
1969
In base 16, what is -6d4ac + 0?
-6d4ac
In base 4, what is -11 + -130111?
-130122
In base 2, what is 1100000010 - -11100?
1100011110
In base 13, what is a3663 - -b?
a3671
In base 15, what is d9 + -66?
73
In base 11, what is 1650 + -80?
1580
In base 15, what is ce3b6 - -1?
ce3b7
In base 6, what is -1015454 + 5?
-1015445
In base 7, what is -11 - -21324?
21313
In base 3, what is -12 - -1120120122?
1120120110
In base 2, what is -11111010000 - 110010?
-100000000010
In base 3, what is -1020222212 + -1210?
-1021001122
In base 14, what is 125db + -18?
125c3
In base 13, what is 1019 + 370?
1389
In base 14, what is -b + -19370?
-1937b
In base 9, what is 2171544 + -2?
2171542
In base 10, what is -1085 - 28?
-1113
In base 6, what is 2305220 + 3?
2305223
In base 9, what is -5 - 858264?
-858270
In base 15, what is 2748 - 86?
26b2
In base 9, what is -3 + 5583?
5580
In base 15, what is 1da47 + 2?
1da49
In base 12, what is -a96a63 - 0?
-a96a63
In base 13, what is 3 - -28432?
28435
In base 4, what is 130 + 201210?
202000
In base 4, what is -22 + 12220212?
12220130
In base 6, what is 2214430 - -1?
2214431
In base 15, what is -1 - -bdd5?
bdd4
In base 11, what is -609727 + -3?
-60972a
In base 14, what is -6c + 26a?
1dc
In base 2, what is -1010111101011100 - -10?
-1010111101011010
In base 10, what is 6718 - -6?
6724
In base 2, what is 1110 - 1000100100001111?
-1000100100000001
In base 5, what is 4 - 2411102?
-2411043
In base 8, what is 2532 - -13306?
16040
In base 9, what is 121424 - 2?
121422
In base 14, what is 136 + -15?
121
In base 8, what is 246521 + 5?
246526
In base 4, what is -11321 - 1132?
-13113
In base 12, what is -1389 - -6?
-1383
In base 5, what is 13102 + -3433?
4114
In base 6, what is -1013 - -134?
-435
In base 9, what is -100 - 355?
-455
In base 11, what is -5 - 16586?
-16590
In base 13, what is 1a - a3b?
-a21
In base 5, what is -4 + 44413311?
44413302
In base 4, what is 13232 - 1102?
12130
In base 8, what is 3572744 + 5?
3572751
In base 2, what is 101010000000101001 + -100?
101010000000100101
In base 14, what is -91a + -11?
-92b
In base 10, what is 550 - 24?
526
In base 3, what is 20120102020022 + 10?
20120102020102
In base 3, what is -1121212 - -1220122?
21210
In base 4, what is 10212012 + 1322?
10220000
In base 14, what is 8dc5 + 16?
8ddb
In base 16, what is 0 + -ab44e?
-ab44e
In base 16, what is -8e + 1f6?
168
In base 10, what is -14716 + 5?
-14711
In base 2, what is 0 - 110110111101101101?
-110110111101101101
In base 12